{"id":44,"date":"2026-02-03T13:20:13","date_gmt":"2026-02-03T13:20:13","guid":{"rendered":"https:\/\/homolabulhary.cz\/?page_id=44"},"modified":"2026-02-04T10:46:54","modified_gmt":"2026-02-04T10:46:54","slug":"zazitek","status":"publish","type":"page","link":"https:\/\/homolabulhary.cz\/?page_id=44","title":{"rendered":"Z\u00e1\u017eitek"},"content":{"rendered":"\n<div style=\"height:100px\" aria-hidden=\"true\" class=\"wp-block-spacer\"><\/div>\n\n\n\n<h1 class=\"wp-block-heading\"><strong>Z\u00e1\u017eitek<\/strong><\/h1>\n\n\n\n<div style=\"height:40px\" aria-hidden=\"true\" class=\"wp-block-spacer\"><\/div>\n\n\n\n<h3 class=\"wp-block-heading\"><strong>Degustace v\u00edna v Bulharech \u2013 Vinf\u00e1rium<\/strong><\/h3>\n\n\n\n<p>V Bulharech, v prostoru zvan\u00e9m Vinf\u00e1rium, vznik\u00e1 vina\u0159sk\u00fd z\u00e1\u017eitek postaven\u00fd na p\u0159\u00edb\u011bhu, emoc\u00edch a smyslech.<\/p>\n\n\n\n<p>Nejde o klasickou degustaci. Ka\u017ed\u00e9 setk\u00e1n\u00ed je cestou \u2013 krajinou, \u010dasem i my\u0161lenkou. V\u00edno zde nen\u00ed doprovodem, ale hlavn\u00edm vyprav\u011b\u010dem.<\/p>\n\n\n\n<p>Degustace prob\u00edhaj\u00ed v komorn\u00edm prost\u0159ed\u00ed sklepa, pro mal\u00e9 skupiny host\u016f a\u017e do 50 osob. Prostor Vinf\u00e1ria je m\u00edstem, kde se potk\u00e1vaj\u00ed vina\u0159sk\u00e9 p\u0159\u00edb\u011bhy, historie r\u00e9vy vinn\u00e9 i zaj\u00edmavosti ze sv\u011bta v\u00edna. Ka\u017ed\u00fd detail m\u00e1 sv\u016fj v\u00fdznam a tempo je ur\u010dov\u00e1no v\u00ednem samotn\u00fdm.<\/p>\n\n\n\n<p>Sou\u010d\u00e1st\u00ed degustac\u00ed je vypr\u00e1v\u011bn\u00ed o p\u016fvodu v\u00edn, zp\u016fsobu jejich vzniku a filozofii, kter\u00e1 za nimi stoj\u00ed. Zna\u010dka Vinf\u00e1rium je budov\u00e1na jako vznikaj\u00edc\u00ed prostor pro hlub\u0161\u00ed vina\u0159sk\u00fd z\u00e1\u017eitek.<\/p>\n\n\n\n<p>Degustace ve Vinf\u00e1riu jsou ur\u010deny t\u011bm, kte\u0159\u00ed hledaj\u00ed v\u00edc ne\u017e ochutn\u00e1vku. Pro ty, kte\u0159\u00ed cht\u011bj\u00ed v\u00edno vn\u00edmat v souvislostech \u2013 chut\u00ed, p\u0159\u00edb\u011bhem a tichem mezi jednotliv\u00fdmi dou\u0161ky.<\/p>\n\n\n\n<h2 class=\"wp-block-heading\"><strong>N\u00e1v\u0161t\u011bva<\/strong><\/h2>\n\n\n\n<p>Ka\u017ed\u00e9 setk\u00e1n\u00ed vznik\u00e1 na m\u00edru konkr\u00e9tn\u00ed skupin\u011b.<\/p>\n\n\n\n<p>Degustace ve Vinf\u00e1riu jsou ur\u010deny men\u0161\u00edm i v\u011bt\u0161\u00edm skupin\u00e1m a\u017e do 50 osob. Li\u0161\u00ed se po\u010dtem vzork\u016f, d\u00e9lkou i zam\u011b\u0159en\u00edm. N\u011bkdy jsou v\u00edce analytick\u00e9, jindy vypr\u00e1v\u011bc\u00ed. Spole\u010dn\u00e9 maj\u00ed jedno: klid, \u010das a prostor pro v\u00edno.<\/p>\n\n\n\n<p>Degustace jsou vhodn\u00e9 pro soukrom\u00e9 skupiny, firmy i hosty, kte\u0159\u00ed hledaj\u00ed hlub\u0161\u00ed vina\u0159sk\u00fd z\u00e1\u017eitek. Nejde o pevn\u00fd sc\u00e9n\u00e1\u0159, ale o dialog \u2013 mezi v\u00ednem, m\u00edstem a lidmi.<\/p>\n\n\n\n<div style=\"height:40px\" aria-hidden=\"true\" class=\"wp-block-spacer\"><\/div>\n\n\n\n<p><em><strong>Ka\u017ed\u00e1 n\u00e1v\u0161t\u011bva za\u010d\u00edn\u00e1 osobn\u00edm kontaktem. Spole\u010dn\u011b si ujasn\u00edme p\u0159edstavu, kontext i atmosf\u00e9ru setk\u00e1n\u00ed.<\/strong><\/em><\/p>\n\n\n\n<p><\/p>\n","protected":false},"excerpt":{"rendered":"<p>Z\u00e1\u017eitek Degustace v\u00edna v Bulharech \u2013 Vinf\u00e1rium V Bulharech, v prostoru zvan\u00e9m Vinf\u00e1rium, vznik\u00e1 vina\u0159sk\u00fd z\u00e1\u017eitek postaven\u00fd na p\u0159\u00edb\u011bhu, emoc\u00edch [&hellip;]<\/p>\n","protected":false},"author":1,"featured_media":0,"parent":0,"menu_order":6,"comment_status":"closed","ping_status":"closed","template":"","meta":{"site-sidebar-layout":"default","site-content-layout":"","ast-site-content-layout":"default","site-content-style":"default","site-sidebar-style":"default","ast-global-header-display":"","ast-banner-title-visibility":"","ast-main-header-display":"","ast-hfb-above-header-display":"","ast-hfb-below-header-display":"","ast-hfb-mobile-header-display":"","site-post-title":"disabled","ast-breadcrumbs-content":"","ast-featured-img":"","footer-sml-layout":"","ast-disable-related-posts":"","theme-transparent-header-meta":"","adv-header-id-meta":"","stick-header-meta":"","header-above-stick-meta":"","header-main-stick-meta":"","header-below-stick-meta":"","astra-migrate-meta-layouts":"default","ast-page-background-enabled":"default","ast-page-background-meta":{"desktop":{"background-color":"var(--ast-global-color-5)","background-image":"","background-repeat":"repeat","background-position":"center center","background-size":"auto","background-attachment":"scroll","background-type":"","background-media":"","overlay-type":"","overlay-color":"","overlay-opacity":"","overlay-gradient":""},"tablet":{"background-color":"","background-image":"","background-repeat":"repeat","background-position":"center center","background-size":"auto","background-attachment":"scroll","background-type":"","background-media":"","overlay-type":"","overlay-color":"","overlay-opacity":"","overlay-gradient":""},"mobile":{"background-color":"","background-image":"","background-repeat":"repeat","background-position":"center center","background-size":"auto","background-attachment":"scroll","background-type":"","background-media":"","overlay-type":"","overlay-color":"","overlay-opacity":"","overlay-gradient":""}},"ast-content-background-meta":{"desktop":{"background-color":"var(--ast-global-color-4)","background-image":"","background-repeat":"repeat","background-position":"center center","background-size":"auto","background-attachment":"scroll","background-type":"","background-media":"","overlay-type":"","overlay-color":"","overlay-opacity":"","overlay-gradient":""},"tablet":{"background-color":"var(--ast-global-color-4)","background-image":"","background-repeat":"repeat","background-position":"center center","background-size":"auto","background-attachment":"scroll","background-type":"","background-media":"","overlay-type":"","overlay-color":"","overlay-opacity":"","overlay-gradient":""},"mobile":{"background-color":"var(--ast-global-color-4)","background-image":"","background-repeat":"repeat","background-position":"center center","background-size":"auto","background-attachment":"scroll","background-type":"","background-media":"","overlay-type":"","overlay-color":"","overlay-opacity":"","overlay-gradient":""}},"footnotes":""},"class_list":["post-44","page","type-page","status-publish","hentry"],"_links":{"self":[{"href":"https:\/\/homolabulhary.cz\/index.php?rest_route=\/wp\/v2\/pages\/44","targetHints":{"allow":["GET"]}}],"collection":[{"href":"https:\/\/homolabulhary.cz\/index.php?rest_route=\/wp\/v2\/pages"}],"about":[{"href":"https:\/\/homolabulhary.cz\/index.php?rest_route=\/wp\/v2\/types\/page"}],"author":[{"embeddable":true,"href":"https:\/\/homolabulhary.cz\/index.php?rest_route=\/wp\/v2\/users\/1"}],"replies":[{"embeddable":true,"href":"https:\/\/homolabulhary.cz\/index.php?rest_route=%2Fwp%2Fv2%2Fcomments&post=44"}],"version-history":[{"count":8,"href":"https:\/\/homolabulhary.cz\/index.php?rest_route=\/wp\/v2\/pages\/44\/revisions"}],"predecessor-version":[{"id":78,"href":"https:\/\/homolabulhary.cz\/index.php?rest_route=\/wp\/v2\/pages\/44\/revisions\/78"}],"wp:attachment":[{"href":"https:\/\/homolabulhary.cz\/index.php?rest_route=%2Fwp%2Fv2%2Fmedia&parent=44"}],"curies":[{"name":"wp","href":"https:\/\/api.w.org\/{rel}","templated":true}]}}